4
Calculate (0 + 10 - (75 + -62)) + (-41 - (-10 - -7)).
-41
What is the value of 30 + (-8 - 15) - -7 - (-16 - -1)?
29
Calculate 5 + (3 - 8 - -2) + 63 + -89.
-24
Calculate 1 - -7 - (9 + 17 + (-23 - 18)).
23
What is 65 + -79 + 22 + -1 + 13?
20
What is (-15 + 0 - (415 - 423)) + 21?
14
What is -16 + -11 + 9 + -15 + -12 + 2 - 3?
-46
Evaluate 1 - -2 - 14 - (-34 + 1 + 16).
6
What is 1790 - 1748 - (36 + 3)?
3
Evaluate 42 + (45 - 19 - 57).
11
What is (-36 + 0 - 10) + (13 - 2)?
-35
11 + (-16 + 19 - (-14 + 6 + -6 - -7))
21
-14 - (-12 - (8 + -7 + 4 + -5))
-2
Evaluate -4 + (14 - 6) + -57 + 19.
-34
Calculate -5 + 35 + -45 + -33 + 31.
-17
Calculate (2 - ((2 - 3) + -3)) + -681 + 594.
-81
What is -58 - -3 - 104 - -84?
-75
What is -121 + 45 + 4 + 3 + (10 - (7 - 1))?
-65
10964 - 10911 - ((2 - 1) + -15)
67
What is 9 - (-32 - (15 - 96) - (-13 - 0))?
-53
35 + (-18 - (-12 - -8) - -4) + 3
28
What is the value of -524 - -533 - (22 + 1)?
-14
Calculate 24 + -159 + 130 - (47 - 1 - 0).
-51
Calculate -20 + (-13 - (20 + 2)) - 18.
-73
(-29 - -7 - -6) + (-21 - 2)
-39
What is the value of (-4 - -51) + 19 - (107 + -89)?
48
What is the value of (24 - (-4 - (-13 - -4))) + 60?
79
What is (147 + -130 - 30) + -8 + (0 - -4 - 1)?
-18
Evaluate 152 + -119 + -101 - -125.
57
What is 3 + 1 + 189 + -270 + 161?
84
3 + -6 + 9 - (157 + -165)
14
What is 15 + 1 + -1 + -6746 + 6737?
6
Calculate 4 + (-44 - -29) + (41 - -16).
46
What is 4 + -48 - (82 + -168)?
42
Evaluate 10 + (11 - -5 - 4 - 3) + (-105 - -171).
85
Calculate 12 + 2 - (1105 + -1074) - -17.
0
What is 12 + -13 + (13 - 7 - -33 - (6 - 3))?
35
What is -4 + 1 + -16 - (-20 - ((30 - 51) + -5))?
-25
What is -56 - (31 + (37 - 84))?
-40
What is 6 + -2 + (-6 - -5) + -9 - 32?
-38
What is -3 - (0 - -1 - -24) - (-44 - (-64 - -21))?
-27
What is the value of 31 - (-4 - (11 + -143))?
-97
213 - (79 + -55 + 75)
114
What is -1 + 5 - (37 - (11 + 32)) - -8?
18
Evaluate 78 - -8 - (30 + -38) - (-3 - (-5 - 0)).
92
0 - 95 - (-68 - -19 - (-35 + 4))
-77
Evaluate -119 + 99 + 0 + 3 + 28.
11
What is the value of 0 - -34 - (1797 + -1732)?
-31
What is the value of -10 - (25 - 5) - (5 + -2 - -5 - 10)?
-28
What is the value of -66 + (36 - 6) - (13 + -6)?
-43
What is the value of -8 - -280 - 142 - 79?
51
Evaluate 2 + -34 - (174 + -157).
-49
What is the value of 4 + -1 + (2 - -1) - (-281 + 280)?
7
Evaluate 39 - (85 - -35 - 174).
93
-80 - (108 - 86) - (-1 - (2 + 0))
-99
Evaluate -6 - -2 - (-121 - (-40 + -53)).
24
What is the value of -25 + -1 - (55 - (-5 - -134))?
48
2 + -8 - (26 - (12 + -22 - (7 - 10)))
-39
Calculate (83 - -11) + -300 + 121.
-85
What is the value of -8 - (50 - (-17 + (0 - -40)))?
-35
Evaluate 76 - (-14 + -2 - (134 - 134) - -5).
87
Evaluate 59 + -1 + -695 + 625.
-12
What is the value of 8 - (-49 + 121 + -81)?
17
-11 + (53 + (-17 - 48) - (-2 + -62))
41
Evaluate (7 + 6 + -11 - 1 - -9) + (-10 - -6).
6
-61 - (14 + -93) - (-7 - (-1 + 7))
31
What is the value of (0 + (19 - 14) - (-55 + 2 - 12)) + -6?
64
What is (48 - (-22 - (2 + -65))) + -129?
-122
What is the value of 5 - -41 - (-2 + 2) - (-26 + 0 + 30)?
42
(-73 - (-9 + 8) - (3 + 2 - 15)) + 3
-59
Evaluate 101 + (-1 - (-1 - -4 - 2)) - (-12014 - -12012).
101
Calculate -9 - 21 - -64 - 55 - (0 - -5 - 1).
-25
(1 - 11) + (0 - (22 + -1) - (-3205 - -3175))
-1
6 + 1 + 0 + 1 - (-81 + 70 + -27)
46
Calculate -13 + 2 - (6 + (22 - 9)).
-30
-57 - (67 + (-147 - 37))
60
Calculate 7 - -3 - -25 - -72 - 43.
64
-94 + (22 + (-26 - -33) - 15)
-80
Calculate 10 + 4 - -6 - 2 - 1 - 15.
2
-106 + 111 - (15 - (-1 + 5 - 7 - -7))
-6
Calculate -32 - (24 - 19) - (7 + -15).
-29
Evaluate -45 + 3 + (34 - (46 - 4)) - 3.
-53
Calculate ((-132 - -129) + 10 + -1 - 7) + -24.
-25
What is the value of 10 - (9 + 20 + -9) - -4?
-6
What is (2 + -2 + -1 - 66) + (7843 - 7829)?
-53
What is -17570 + 17542 + (-2 - (1 + -31))?
0
Evaluate 60 + 44 + -19 + -84.
1
Calculate 33 - 13 - 28 - (0 + -55) - (-2 + -8).
57
Calculate 41 + -145 + -20 - -76.
-48
9 + ((12 - 2) + 0 + (5 - 3) - -13)
34
What is (252 - 309) + 4 + -2 + (3 + 2 - 1)?
-51
Evaluate -2 + -20 - (-12 - (23 + -44) - 11).
-20
-41 - (12 + (89 - 43 - 34))
-65
Evaluate 60 + -69 + 104 + -7.
88
Calculate 44 - (52 + -103 - -65).
30
Calculate 39 - ((-49 - -66) + -25).
47
Evaluate 2 - -22 - (-112 - -87 - -27) - -87.
109
Evaluate -28 + 38 + 8 + (-44 - 11).
-37
Calculate 34 + -12 - 55 - -45.
12
What is the value of -41 + (-109 + 41 - -41)?
-68
What is (46 - 49) + (1 - -4) + -26 + 4?
-20
Evaluate 180 + -49 - ((-6 - 22) + 29 + (-1 - -7)).
124
953 - 842 - (50 + -1)
62
What is the value of (0 - -32) + -6 + (14 - (6 + -6))?
40
62 - 2 - (1815 + -1805)
50
81 - (8 + 6 + (0 - 4))
71
Evaluate (-2 + 0 - -10 - -1) + (-4682 - -4745) + 5.
77
What is 69 - (-33 + 189) - 4?
-91
What is (88 - -102) + -93 + -108?
-11
Calculate (12 - 2) + 37 + -1 + (-4 - 12).
30
-10 + 0 + -9 + -4 + -12 + 4
-31
Calculate (-14 - -1) + (558 - 557) - 17.
-29
Calculate (6 + 1 - (82 - 68) - (-9 - -15)) + -2.
-15
39 + -63 + (-7 - 5)
-36
What is the value of (-4 - -3) + (0 - 94) - (31766 + -31748)?
-113
What is 31 + 71 + -78 + (-5 - (-5 + -1))?
25
What is -1 + 4 - (-15 + 2 - 9 - (-114 - -10))?
-79
Evaluate 185 - -1 - (-1851 + 1928).
109
Evaluate (-8 + 17 - -3) + (-21 - -84).
75
Calculate (18 - -13) + -126 + 134.
39
Evaluate -74 - (-5 + -12 + 22 + (-13 - -5 - 0)).
-71
What is (-7 - 53 - -15) + (-4 - -25) - -62?
38
Evaluate 2 + -122 - (-47 - (0 - 27) - 3 - -14).
-111
48 - (-71 - -126 - 49)
42
-68 + (-46 - -108 - 41)
-47
Evaluate (0 + -2 - -2) + 3 + (749 - 701).
51
Evaluate 3 + -1 + -10 + (-2 - (17 + -10)) + 11.
-6
What is the value of (21 + 3 + -16 - 49) + (12 - 1)?
-30
What is -48 - ((-10 + 18 - 0) + -11 + -7)?
-38
What is the value of (49 - (17 + -5)) + -33?
4
Calculate (-4 + 8 - (17 - 10)) + 2.
-1
Evaluate 45 - 12 - 98 - -31.
-34
What is the value of 6 + (-18 - (-21 + 31 + 36))?
-58
(-4 + 71 - (1 + 1)) + (164 - 155)
74
Calculate (-45 - -83) + -81 + (-1 - -14).
-30
What is (-1 - (-16 - 0)) + -41 - -8?
-18
Calculate 3 + 1 + 12 + (10 - 9) + -13 + 13.
17
What is the value of -8 + 1 - (-124 - -127 - (2 - -9))?
1
What is the value of (2201 - 2223) + (3 - 6) + -23?
-48
What is (-1209 - -1202) + 9 + -98?
-96
What is the value of 31 + (-104 - (36 - 63))?
-46
4 - (-46 - -28 - 10)
32
(-20 - (-9 + 13 + 2)) + -75 + 69
-32
Calculate (-30 - (25 + -41)) + -7 - -105.
84
Evaluate (4 - (-20 - -12)) + (-55 - -25).
-18
Calculate -46 + 44 + 43 + -13.
28
What is the value of ((-14 - (94 - 30)) + 31 - (1 + 1)) + 5?
-44
What is -39 - -34 - 15 - -73 - -37?
90
What is the value of -40 + (20 - 45) + 37 + 82?
54
(13 - 170) + 13 - (-28 - (-12 + 3))
-125
Calculate (60 - 55) + (-16 - -2) + -6 + 23 + -28.
-20
Calculate (-4 - -21 - 5) + 5 + (-22 + 37 - 14).
18
What is the value of -23 + 48 + -81 + 74?
18
(-10 - -24) + -89 + -23 + -19
-117
5546 - 5584 - (1 + 0 + (-8 - -1)) - -5
-27
(-12 - (-89 - -89 - (15 - 2))) + -73
-72
2 + (100 - (-7 - -2 - (-148 + 141))) - -6
106
-48 + 199 + -58 + -46
47
What is 26 + -27 + -111 + 2 + 7 + 10?
-93
What is 75 - (-2 + -13 + 5) - 2 - (8 + 3)?
72
Evaluate -9 + ((-56 - -65) + (1 - (18 + -4)) - 10).
-23
Calculate -1694 - -1705 - (-1 + 32).
-20
What is the value of 11 + -9 + -75 + -48 + 50?
-71
Calculate ((9 - 9) + -6 - -19) + -36 + 100.
77
What is the value of 76 + (35 - 90) + 42?
63
What is (-53 - (2 + -1)) + (-5 - (-4 + -24 + 18))?
-49
What is the value of (-2 + -8 - -7) + -8 + 61 + -16?
34
What is the value of 3334 + -3328 + -5 + -120?
-119
Calculate -3 + 7 + -3 + (17 - -3) + (-9 - 2).
10
Evaluate -46 + 80 + -42 - (2 + -4 + 4).
-10
Evaluate 83 - (34 - -37) - -35.
47
-58 - (-12 + 7) - (-14 + -31 - -33)
-41
What is the value of -3 + (20 + 0 + -4 + -3 - -17)?
27
What is 17 + -43 + 23 - ((6 - (5 + 0)) + -51)?
47
(1 + -2 - 15) + (-75 - -88) + 32
29
Calculate -98 + 10 - -3 - (522 - 550).
-57
What is 82 + (-9 + 45 - 9) + (-15 - (-2 - 0))?
96
What is the value of (43 - 62) + -2 - -42?
21
What is the value of -1 + 17 - (-32 - (7 - 13))?
42
Evaluate 6 + -20 - -12 - (0 - 4) - 9 - 24.
-31
What is -1093 + 1095 - (49 - 45 - (-3 + (-1 - -1)))?
-5
15 + (1 + 0 - (5 + 1 - (-12 - -16)))
14
Calculate -2 + 9 - 1 - ((-64 - -34) + 19).
17
Evaluate (6 - (0 - -15)) + 1 + 11 + 23.
26
Evaluate -91 + 141 + -95 - 81.
-126
What is the value of 1 + -12 - (22 + -7 - 9 - (-2 - -15))?
-4
What i